{"id":71,"date":"2026-02-19T16:30:49","date_gmt":"2026-02-19T16:30:49","guid":{"rendered":"https:\/\/datenschutz-aus-nrw.de\/?page_id=71"},"modified":"2026-04-27T12:26:41","modified_gmt":"2026-04-27T12:26:41","slug":"datenschutzbestimmungen","status":"publish","type":"page","link":"https:\/\/datenschutz-aus-nrw.de\/index.php\/datenschutzbestimmungen\/","title":{"rendered":"Datenschutz-Bestimmungen"},"content":{"rendered":"\n<figure class=\"wp-block-image size-full schatten\"><img loading=\"lazy\" decoding=\"async\" width=\"1024\" height=\"558\" src=\"https:\/\/datenschutz-aus-nrw.de\/wp-content\/uploads\/2026\/04\/datenschutz.jpg\" alt=\"Schloss mit der Unterschrift Datenschutzbestimmungen\" class=\"wp-image-344\" srcset=\"https:\/\/datenschutz-aus-nrw.de\/wp-content\/uploads\/2026\/04\/datenschutz.jpg 1024w, https:\/\/datenschutz-aus-nrw.de\/wp-content\/uploads\/2026\/04\/datenschutz-300x163.jpg 300w, https:\/\/datenschutz-aus-nrw.de\/wp-content\/uploads\/2026\/04\/datenschutz-768x419.jpg 768w\" sizes=\"auto, (max-width: 1024px) 100vw, 1024px\" \/><\/figure>\n\n\n\n<ul class=\"wp-block-list\">\n<li><strong>Diese Daten werden verarbeitet<\/strong><br>Der Webserver speichert Ihre IP-Adresse, den Zeitpunkt und die besuchte Seite.<br>Die Rechtsgrundlage ist Art.6 Abs. 1 lit f.<br>Sie gew\u00e4hrleistet die Integrit\u00e4t, Vertraulichkeit und Verf\u00fcgbarkeit von Daten.<\/li>\n\n\n\n<li><strong>Cookies<\/strong><br>Cookies werden nicht verwendet.Es handelt sich dabei um kleine Textdateien, die von Webseiten auf Ihrem Computer gespeichert werden k\u00f6nnen.<\/li>\n\n\n\n<li><strong>Webanalyse<\/strong><br>Es werden keine Webanalysetools verwandt.<\/li>\n\n\n\n<li><strong>E-Mails<\/strong><br>E-Mails, die Sie mir zusenden, werden nur f\u00fcr den Inhalt entsprechenden Zweck verwandt und nicht ohne Ihre Einwilligung weitergegeben.<\/li>\n\n\n\n<li><strong>Verantwortlicher lt. DSGVO:<\/strong><br>Frank Thonak<br>Engelbertstr. 5<br>58636 Iserlohn<br>Tel.:<a href=\"tel:+492371210433\">+49 2371 210 433<\/a><br>E-Mail: <a href=\"mailto:info@datenschutz-aus-nrw.de\">info@datenschutz-aus-nrw.de<\/a><\/li>\n\n\n\n<li><strong>Serverstandort<\/strong><br>Der Serverstandort ist Frankfurt<\/li>\n\n\n\n<li><strong>Datenschutzbeauftragter<\/strong><br>Es ist kein Datenschutzbeauftragter benannt.<\/li>\n\n\n\n<li><strong>Ihre Betroffenenrechte<\/strong><br>Sie haben das Auskunftsrecht Ihre personenbezogenen Daten.<br>Dazu kontaktieren Sie mich bitte bei Bedarf.<br>Ich muss mich allerdings davon \u00fcberzeugen, dass Sie es wirklich selbst sind.<br><br>Sie haben auch das Recht auf Berichtigung, L\u00f6schung oder Einschr\u00e4nkung der Verarbeitung, sofern gesetzliche Bestimmungen nicht dagegen sprechen.<br><br>Das Recht auf Daten\u00fcbertragbarkeit haben Sie nat\u00fcrlich auch im Rahmen der gesetzlichen Vorgaben.<br><br>Das Recht auf Widerspruch gegen die Verarbeitung Ihrer personenbezogenen Daten haben Sie lt. Art. 21 DSGVO.<br><br>Sie haben das Recht auf die Beschwerde bei den Aufsichtsbeh\u00f6rden f\u00fcr den Datenschutz.<br><br><\/li>\n<\/ul>\n\n\n\n<p>Stand: 22.02.2026<\/p>\n","protected":false},"excerpt":{"rendered":"<p>Stand: 22.02.2026<\/p>\n","protected":false},"author":1,"featured_media":0,"parent":0,"menu_order":0,"comment_status":"closed","ping_status":"closed","template":"","meta":{"footnotes":""},"class_list":["post-71","page","type-page","status-publish","hentry"],"_links":{"self":[{"href":"https:\/\/datenschutz-aus-nrw.de\/index.php\/wp-json\/wp\/v2\/pages\/71","targetHints":{"allow":["GET"]}}],"collection":[{"href":"https:\/\/datenschutz-aus-nrw.de\/index.php\/wp-json\/wp\/v2\/pages"}],"about":[{"href":"https:\/\/datenschutz-aus-nrw.de\/index.php\/wp-json\/wp\/v2\/types\/page"}],"author":[{"embeddable":true,"href":"https:\/\/datenschutz-aus-nrw.de\/index.php\/wp-json\/wp\/v2\/users\/1"}],"replies":[{"embeddable":true,"href":"https:\/\/datenschutz-aus-nrw.de\/index.php\/wp-json\/wp\/v2\/comments?post=71"}],"version-history":[{"count":22,"href":"https:\/\/datenschutz-aus-nrw.de\/index.php\/wp-json\/wp\/v2\/pages\/71\/revisions"}],"predecessor-version":[{"id":375,"href":"https:\/\/datenschutz-aus-nrw.de\/index.php\/wp-json\/wp\/v2\/pages\/71\/revisions\/375"}],"wp:attachment":[{"href":"https:\/\/datenschutz-aus-nrw.de\/index.php\/wp-json\/wp\/v2\/media?parent=71"}],"curies":[{"name":"wp","href":"https:\/\/api.w.org\/{rel}","templated":true}]}}

<figure class="wp-block-image size-full schatten"><img loading="lazy" decoding="async" width="1024" height="558" src="https://datenschutz-aus-nrw.de/wp-content/uploads/2026/04/datenschutz.jpg" alt="Schloss mit der Unterschrift Datenschutzbestimmungen" class="wp-image-344" srcset="https://datenschutz-aus-nrw.de/wp-content/uploads/2026/04/datenschutz.jpg 1024w, https://datenschutz-aus-nrw.de/wp-content/uploads/2026/04/datenschutz-300x163.jpg 300w, https://datenschutz-aus-nrw.de/wp-content/uploads/2026/04/datenschutz-768x419.jpg 768w" sizes="auto, (max-width: 1024px) 100vw, 1024px" /></figure>



<ul class="wp-block-list">
<li><strong>Diese Daten werden verarbeitet</strong><br>Der Webserver speichert Ihre IP-Adresse, den Zeitpunkt und die besuchte Seite.<br>Die Rechtsgrundlage ist Art.6 Abs. 1 lit f.<br>Sie gewährleistet die Integrität, Vertraulichkeit und Verfügbarkeit von Daten.</li>



<li><strong>Cookies</strong><br>Cookies werden nicht verwendet.Es handelt sich dabei um kleine Textdateien, die von Webseiten auf Ihrem Computer gespeichert werden können.</li>



<li><strong>Webanalyse</strong><br>Es werden keine Webanalysetools verwandt.</li>



<li><strong>E-Mails</strong><br>E-Mails, die Sie mir zusenden, werden nur für den Inhalt entsprechenden Zweck verwandt und nicht ohne Ihre Einwilligung weitergegeben.</li>



<li><strong>Verantwortlicher lt. DSGVO:</strong><br>Frank Thonak<br>Engelbertstr. 5<br>58636 Iserlohn<br>Tel.:<a href="tel:+492371210433">+49 2371 210 433</a><br>E-Mail: <a href="mailto:info@datenschutz-aus-nrw.de">info@datenschutz-aus-nrw.de</a></li>



<li><strong>Serverstandort</strong><br>Der Serverstandort ist Frankfurt</li>



<li><strong>Datenschutzbeauftragter</strong><br>Es ist kein Datenschutzbeauftragter benannt.</li>



<li><strong>Ihre Betroffenenrechte</strong><br>Sie haben das Auskunftsrecht Ihre personenbezogenen Daten.<br>Dazu kontaktieren Sie mich bitte bei Bedarf.<br>Ich muss mich allerdings davon überzeugen, dass Sie es wirklich selbst sind.<br><br>Sie haben auch das Recht auf Berichtigung, Löschung oder Einschränkung der Verarbeitung, sofern gesetzliche Bestimmungen nicht dagegen sprechen.<br><br>Das Recht auf Datenübertragbarkeit haben Sie natürlich auch im Rahmen der gesetzlichen Vorgaben.<br><br>Das Recht auf Widerspruch gegen die Verarbeitung Ihrer personenbezogenen Daten haben Sie lt. Art. 21 DSGVO.<br><br>Sie haben das Recht auf die Beschwerde bei den Aufsichtsbehörden für den Datenschutz.<br><br></li>
</ul>



<p>Stand: 22.02.2026</p>
