{"id":9,"date":"2026-02-19T06:04:50","date_gmt":"2026-02-19T06:04:50","guid":{"rendered":"https:\/\/datenschutz-aus-nrw.de\/?page_id=9"},"modified":"2026-04-27T12:22:35","modified_gmt":"2026-04-27T12:22:35","slug":"datenschutz-aus-nrw","status":"publish","type":"page","link":"https:\/\/datenschutz-aus-nrw.de\/","title":{"rendered":"Qualifizierter Datenschutz"},"content":{"rendered":"\n<div class=\"wp-block-group alignfull has-global-padding is-layout-constrained wp-block-group-is-layout-constrained\" style=\"margin-top:0;margin-bottom:0\">\n<figure class=\"wp-block-image size-full schatten\"><img loading=\"lazy\" decoding=\"async\" width=\"1024\" height=\"558\" src=\"https:\/\/datenschutz-aus-nrw.de\/wp-content\/uploads\/2026\/04\/startseite.jpg\" alt=\"Datenschutz-Logo\" class=\"wp-image-348\" srcset=\"https:\/\/datenschutz-aus-nrw.de\/wp-content\/uploads\/2026\/04\/startseite.jpg 1024w, https:\/\/datenschutz-aus-nrw.de\/wp-content\/uploads\/2026\/04\/startseite-300x163.jpg 300w, https:\/\/datenschutz-aus-nrw.de\/wp-content\/uploads\/2026\/04\/startseite-768x419.jpg 768w\" sizes=\"auto, (max-width: 1024px) 100vw, 1024px\" \/><\/figure>\n\n\n\n<div class=\"wp-block-columns alignfull is-layout-flex wp-container-core-columns-is-layout-9c22b1e3 wp-block-columns-is-layout-flex\">\n<div class=\"wp-block-column is-vertically-aligned-center is-layout-flow wp-block-column-is-layout-flow\" style=\"padding-top:var(--wp--preset--spacing--60);padding-right:var(--wp--preset--spacing--60);padding-bottom:var(--wp--preset--spacing--60);padding-left:var(--wp--preset--spacing--60)\">\n<p class=\"has-text-align-center\">Herzlich willkommen auf der Datenschutzseite.<br>Gerne informiere ich Sie hier dar\u00fcber, wie ich Sie als Ihr Datenschutzberater unterst\u00fctze.<\/p>\n<\/div>\n<\/div>\n<\/div>\n\n\n\n<p><i class=\"fas pre fa-envelope\"><\/i>Wenn Sie mich kontaktieren k\u00f6nnen wir Ihre ersten Fragen kl\u00e4ren und nat\u00fcrlich einen Termin vereinbaren, bei dem ich mir einen ersten \u00dcberblick von Ihren Unternehmen verschaffe.<\/p>\n\n\n\n<p><i class=\"fas pre fa-comments\"><\/i>Bei dem Treffen tauschen wir uns dar\u00fcber aus, was f\u00fcr Arbeiten anstehen. Ich teile Ihnen mit, welche Aktivit\u00e4ten aus meiner Sicht n\u00f6tig sind und wie auch Sie mich unterst\u00fctzen k\u00f6nnen.<\/p>\n\n\n\n<p><i class=\"fas pre fa-pen-to-square\"><\/i>Anschlie\u00dfend beginne ich einen konkreten Plan zu erarbeiten und teile Ihnen diesen mit.<\/p>\n\n\n\n<p><i class=\"fas pre fa-exclamation\"><\/i>Es ist zu beachten, dass ich nicht weisungsbefugt bin. Somit bleibt die Kontrolle der zu erledigenden \u00c4nderungen und somit der Kosten bei Ihnen. Ich bin lediglich beratend t\u00e4tig.<\/p>\n\n\n\n<p><i class=\"fas pre fa-magnifying-glass\"><\/i>Ich werde alle Arbeitsst\u00e4tten \u00fcberpr\u00fcfen und Ihnen L\u00fccken im Datenschutz mitteilen, damit Sie entscheiden k\u00f6nnen, ob Sie diese schlie\u00dfen m\u00f6chten.<\/p>\n\n\n\n<p><i class=\"fa-regular pre fa-file\"><\/i>Diverse Dokumente und Dokumentationen dienen der \u00dcbersicht und als Nachweis bei eventuellen Kontrollen.<\/p>\n\n\n\n<p><i class=\"fa-solid pre fa-person-chalkboard\"><\/i>Ein wichtiger Teil meiner Arbeit ist auch die Unterrichtung der Belegschaft. Dabei werden diese nicht nur \u00fcber die Grundlagen informiert, sondern auch f\u00fcr eventuelle L\u00fccken im Datenschutz sensibilisiert.<\/p>\n\n\n\n<p><i class=\"fa-regular pre fa-circle-question\"><\/i>Nat\u00fcrlich bin ich f\u00fcr Sie und Ihre Berlegschaft immer der Ansprechpartner in Sachen Datenschutz und auch f\u00fcr Datenschutzanfragen Ihrer Kundschaft.<\/p>\n","protected":false},"excerpt":{"rendered":"<p>Herzlich willkommen auf der Datenschutzseite.Gerne informiere ich Sie hier dar\u00fcber, wie ich Sie als Ihr Datenschutzberater unterst\u00fctze. Wenn Sie mich kontaktieren k\u00f6nnen wir Ihre ersten Fragen kl\u00e4ren und nat\u00fcrlich einen Termin vereinbaren, bei dem ich mir einen ersten \u00dcberblick von Ihren Unternehmen verschaffe. Bei dem Treffen tauschen wir uns dar\u00fcber aus, was f\u00fcr Arbeiten anstehen. [&hellip;]<\/p>\n","protected":false},"author":1,"featured_media":0,"parent":0,"menu_order":0,"comment_status":"closed","ping_status":"closed","template":"","meta":{"footnotes":""},"class_list":["post-9","page","type-page","status-publish","hentry"],"_links":{"self":[{"href":"https:\/\/datenschutz-aus-nrw.de\/index.php\/wp-json\/wp\/v2\/pages\/9","targetHints":{"allow":["GET"]}}],"collection":[{"href":"https:\/\/datenschutz-aus-nrw.de\/index.php\/wp-json\/wp\/v2\/pages"}],"about":[{"href":"https:\/\/datenschutz-aus-nrw.de\/index.php\/wp-json\/wp\/v2\/types\/page"}],"author":[{"embeddable":true,"href":"https:\/\/datenschutz-aus-nrw.de\/index.php\/wp-json\/wp\/v2\/users\/1"}],"replies":[{"embeddable":true,"href":"https:\/\/datenschutz-aus-nrw.de\/index.php\/wp-json\/wp\/v2\/comments?post=9"}],"version-history":[{"count":43,"href":"https:\/\/datenschutz-aus-nrw.de\/index.php\/wp-json\/wp\/v2\/pages\/9\/revisions"}],"predecessor-version":[{"id":371,"href":"https:\/\/datenschutz-aus-nrw.de\/index.php\/wp-json\/wp\/v2\/pages\/9\/revisions\/371"}],"wp:attachment":[{"href":"https:\/\/datenschutz-aus-nrw.de\/index.php\/wp-json\/wp\/v2\/media?parent=9"}],"curies":[{"name":"wp","href":"https:\/\/api.w.org\/{rel}","templated":true}]}}

<div class="wp-block-group alignfull has-global-padding is-layout-constrained wp-block-group-is-layout-constrained" style="margin-top:0;margin-bottom:0">
<figure class="wp-block-image size-full schatten"><img loading="lazy" decoding="async" width="1024" height="558" src="https://datenschutz-aus-nrw.de/wp-content/uploads/2026/04/startseite.jpg" alt="Datenschutz-Logo" class="wp-image-348" srcset="https://datenschutz-aus-nrw.de/wp-content/uploads/2026/04/startseite.jpg 1024w, https://datenschutz-aus-nrw.de/wp-content/uploads/2026/04/startseite-300x163.jpg 300w, https://datenschutz-aus-nrw.de/wp-content/uploads/2026/04/startseite-768x419.jpg 768w" sizes="auto, (max-width: 1024px) 100vw, 1024px" /></figure>



<div class="wp-block-columns alignfull is-layout-flex wp-container-core-columns-is-layout-9c22b1e3 wp-block-columns-is-layout-flex">
<div class="wp-block-column is-vertically-aligned-center is-layout-flow wp-block-column-is-layout-flow" style="padding-top:var(--wp--preset--spacing--60);padding-right:var(--wp--preset--spacing--60);padding-bottom:var(--wp--preset--spacing--60);padding-left:var(--wp--preset--spacing--60)">
<p class="has-text-align-center">Herzlich willkommen auf der Datenschutzseite.<br>Gerne informiere ich Sie hier darüber, wie ich Sie als Ihr Datenschutzberater unterstütze.</p>
</div>
</div>
</div>



<p><i class="fas pre fa-envelope"></i>Wenn Sie mich kontaktieren können wir Ihre ersten Fragen klären und natürlich einen Termin vereinbaren, bei dem ich mir einen ersten Überblick von Ihren Unternehmen verschaffe.</p>



<p><i class="fas pre fa-comments"></i>Bei dem Treffen tauschen wir uns darüber aus, was für Arbeiten anstehen. Ich teile Ihnen mit, welche Aktivitäten aus meiner Sicht nötig sind und wie auch Sie mich unterstützen können.</p>



<p><i class="fas pre fa-pen-to-square"></i>Anschließend beginne ich einen konkreten Plan zu erarbeiten und teile Ihnen diesen mit.</p>



<p><i class="fas pre fa-exclamation"></i>Es ist zu beachten, dass ich nicht weisungsbefugt bin. Somit bleibt die Kontrolle der zu erledigenden Änderungen und somit der Kosten bei Ihnen. Ich bin lediglich beratend tätig.</p>



<p><i class="fas pre fa-magnifying-glass"></i>Ich werde alle Arbeitsstätten überprüfen und Ihnen Lücken im Datenschutz mitteilen, damit Sie entscheiden können, ob Sie diese schließen möchten.</p>



<p><i class="fa-regular pre fa-file"></i>Diverse Dokumente und Dokumentationen dienen der Übersicht und als Nachweis bei eventuellen Kontrollen.</p>



<p><i class="fa-solid pre fa-person-chalkboard"></i>Ein wichtiger Teil meiner Arbeit ist auch die Unterrichtung der Belegschaft. Dabei werden diese nicht nur über die Grundlagen informiert, sondern auch für eventuelle Lücken im Datenschutz sensibilisiert.</p>



<p><i class="fa-regular pre fa-circle-question"></i>Natürlich bin ich für Sie und Ihre Berlegschaft immer der Ansprechpartner in Sachen Datenschutz und auch für Datenschutzanfragen Ihrer Kundschaft.</p>

<p>Herzlich willkommen auf der Datenschutzseite.Gerne informiere ich Sie hier darüber, wie ich Sie als Ihr Datenschutzberater unterstütze. Wenn Sie mich kontaktieren können wir Ihre ersten Fragen klären und natürlich einen Termin vereinbaren, bei dem ich mir einen ersten Überblick von Ihren Unternehmen verschaffe. Bei dem Treffen tauschen wir uns darüber aus, was für Arbeiten anstehen. [&hellip;]</p>
